{"id":291,"date":"2021-06-01T17:14:32","date_gmt":"2021-06-01T15:14:32","guid":{"rendered":"http:\/\/brasil.polardemo.it\/?page_id=291"},"modified":"2021-06-20T10:06:38","modified_gmt":"2021-06-20T08:06:38","slug":"salati","status":"publish","type":"page","link":"https:\/\/www.saborbrasil.it\/?page_id=291","title":{"rendered":"SALATI"},"content":{"rendered":"<div class=\"edit-post-visual-editor\">\n<div class=\"editor-styles-wrapper\">\n<div class=\"block-editor-writing-flow\">\n<div class=\"block-editor-block-list__layout is-root-container\">\n<p id=\"block-f9225bd0-5f56-443b-8d77-9275c765add5\" class=\"block-editor-rich-text__editable block-editor-block-list__block wp-block rich-text\" tabindex=\"0\" role=\"group\" aria-multiline=\"true\" aria-label=\"Blocco del paragrafo\" data-block=\"f9225bd0-5f56-443b-8d77-9275c765add5\" data-type=\"core\/paragraph\" data-title=\"Paragrafo\"><a href=\"https:\/\/www.saborbrasil.it\/acaca-crema-di-riso\/\" data-rich-text-format-boundary=\"true\">Aca\u00e7\u00e1 (Crema di riso)<\/a><br data-rich-text-line-break=\"true\" \/><a href=\"https:\/\/www.saborbrasil.it\/ameixa-com-bacon-e-pure-de-maca-prugna-con-pancetta-e-pure-di-mela\/\">Ameixa com bacon e Pur\u00ea de ma\u00e7\u00e3 (Prugna con pancetta e Pur\u00e8 di mela)<\/a><br data-rich-text-line-break=\"true\" \/><a href=\"https:\/\/www.saborbrasil.it\/arroz-a-grega-riso-alla-greca\/\">Arroz \u00e0 grega (Riso alla greca)<\/a><br data-rich-text-line-break=\"true\" \/><a href=\"https:\/\/www.saborbrasil.it\/arroz-branco-riso-bianco\/\">Arroz branco (Riso bianco)<\/a><br data-rich-text-line-break=\"true\" \/><a href=\"https:\/\/www.saborbrasil.it\/arroz-de-carreteiro-riso-del-mulattiere\/\">Arroz de carreteiro (Riso del mulattiere)<\/a><br data-rich-text-line-break=\"true\" \/><a href=\"https:\/\/www.saborbrasil.it\/arroz-de-festa-riso-di-festa\/\">Arroz de festa (Riso di festa)<\/a><br data-rich-text-line-break=\"true\" \/><a href=\"https:\/\/www.saborbrasil.it\/arroz-de-forno-riso-al-forno\/\">Arroz de forno (Riso al forno)<\/a><br data-rich-text-line-break=\"true\" \/><a href=\"https:\/\/www.saborbrasil.it\/bacalhoada-da-vovo-baccala-della-nonna\/\">Bacalhoada da Vov\u00f3 (Baccal\u00e0 della Nonna)<\/a><br data-rich-text-line-break=\"true\" \/><a href=\"https:\/\/www.saborbrasil.it\/baiao-de-dois-riso-e-fagioli-cotti-insieme\/\">Bai\u00e3o de dois (Riso e fagioli cotti insieme)<\/a><br data-rich-text-line-break=\"true\" \/><a href=\"https:\/\/www.saborbrasil.it\/banana-a-milanesa-banana-alla-milanese\/\">Banana \u00e0 milanesa (Banana alla milanese)<\/a><br data-rich-text-line-break=\"true\" \/><a href=\"https:\/\/www.saborbrasil.it\/banana-da-terra-assada-platano-arrosto\/\">Banana da terra assada (Platano arrosto)<\/a><br data-rich-text-line-break=\"true\" \/><a href=\"https:\/\/www.saborbrasil.it\/banana-da-terra-frita-platano-fritto\/\">Banana da terra frita (Platano fritto)<\/a><br data-rich-text-line-break=\"true\" \/><a href=\"https:\/\/www.saborbrasil.it\/batata-doce-frita-patata-americana-fritta\/\">Batata doce frita (Patata americana fritta)<\/a><br data-rich-text-line-break=\"true\" \/><a href=\"https:\/\/www.saborbrasil.it\/batata-palha-patata-paglia\/\">Batata palha (Patata paglia)<\/a><br data-rich-text-line-break=\"true\" \/><a href=\"https:\/\/www.saborbrasil.it\/bauru-do-ponto-chic-panino-bauru-del-ponto-chic\/\">Bauru do &#8220;Ponto Chic&#8221; (Panino &#8220;Bauru&#8221; del &#8220;Ponto Chic&#8221; )<\/a><br data-rich-text-line-break=\"true\" \/><a href=\"https:\/\/www.saborbrasil.it\/beiju-de-tapioca-crespella-di-tapioca\/\">Beiju de tapioca (Crespella di tapioca)<\/a><br data-rich-text-line-break=\"true\" \/><a href=\"https:\/\/www.saborbrasil.it\/bife-de-panela-fettine-di-manzo-in-umido\/\">Bife de panela (Fettine di manzo in umido)<\/a><br data-rich-text-line-break=\"true\" \/><a href=\"https:\/\/www.saborbrasil.it\/biscoito-de-polvilho-biscotti-di-fecola-di-manioca\/\">Biscoito de Polvilho (Biscotti di fecola di manioca)<\/a><br data-rich-text-line-break=\"true\" \/><a href=\"https:\/\/www.saborbrasil.it\/bobo-de-camarao-gamberi-in-salsa-di-manioca\/\">Bob\u00f3 de camar\u00e3o (Gamberi in salsa di manioca )<\/a><br data-rich-text-line-break=\"true\" \/><a href=\"https:\/\/www.saborbrasil.it\/bolinhas-de-queijo-palline-al-formaggio\/\">Bolinhas de queijo (Palline al formaggio)<\/a><br data-rich-text-line-break=\"true\" \/><a href=\"https:\/\/www.saborbrasil.it\/bolinho-de-arroz-crocchette-di-riso\/\">Bolinho de arroz (Crocchette di riso )<\/a><br data-rich-text-line-break=\"true\" \/><a href=\"https:\/\/www.saborbrasil.it\/bolinho-de-bacalhau-crocchette-di-baccala\/\">Bolinho de bacalhau (Crocchette di baccal\u00e0)<\/a><br data-rich-text-line-break=\"true\" \/><a href=\"https:\/\/www.saborbrasil.it\/caldo-verde-zuppa-verde\/\">Caldo verde (Zuppa verde)<\/a><br data-rich-text-line-break=\"true\" \/><a href=\"https:\/\/www.saborbrasil.it\/camarao-na-moranga-zucca-ripiena-di-gamberi\/\">Camar\u00e3o na moranga (Zucca ripiena di gamberi)<\/a><br data-rich-text-line-break=\"true\" \/><a href=\"https:\/\/www.saborbrasil.it\/canape-de-rosbife-tartina-allarrosto-di-manzo-allinglese\/\">Canap\u00e9 de rosbife (Tartina all&#8217;arrosto di manzo all&#8217;inglese )<\/a><br data-rich-text-line-break=\"true\" \/><a href=\"https:\/\/www.saborbrasil.it\/canja-de-galinha-minestra-di-gallina\/\">Canja de galinha (Minestra di gallina)<\/a><br data-rich-text-line-break=\"true\" \/><a href=\"https:\/\/www.saborbrasil.it\/casquinha-de-siri-gusci-di-granchio-ripieni\/\">Casquinha de siri (Gusci di granchio ripieni)<\/a><br data-rich-text-line-break=\"true\" \/><a href=\"https:\/\/www.saborbrasil.it\/chuchu-frito-chayote-fritto\/\">Chuchu frito (Chayote fritto)<\/a><br data-rich-text-line-break=\"true\" \/><a href=\"https:\/\/www.saborbrasil.it\/chuchu-recheado-com-carne-chayote-ripieno-di-carne\/\">Chuchu recheado com carne (Chayote ripieno di carne)<\/a><br data-rich-text-line-break=\"true\" \/><a href=\"https:\/\/www.saborbrasil.it\/chuchu-refogado-chayote-in-umido\/\">Chuchu refogado (Chayote in umido)<\/a><br data-rich-text-line-break=\"true\" \/><a href=\"https:\/\/www.saborbrasil.it\/churrasco-carne-alle-brace\/\">Churrasco (Carne alle brace)<\/a><br data-rich-text-line-break=\"true\" \/><a href=\"https:\/\/www.saborbrasil.it\/churrasco-de-picanha-picanha-allo-spiedo\/\">Churrasco de picanha (&#8220;Picanha&#8221; allo spiedo)<\/a><br data-rich-text-line-break=\"true\" \/><a href=\"https:\/\/www.saborbrasil.it\/couve-refogada-cavolo-nero\/\">Couve refogada (Cavolo nero in umido)<\/a><br data-rich-text-line-break=\"true\" \/><a href=\"https:\/\/www.saborbrasil.it\/coxa-creme-de-frango-coscia-di-pollo-in-crosta\/\">Coxa-creme de frango (Coscia di pollo in crosta)<\/a><br data-rich-text-line-break=\"true\" \/><a href=\"https:\/\/www.saborbrasil.it\/coxinha-de-galinha-coscetta-di-gallina\/\">Coxinha de galinha (Coscetta di gallina)<\/a><br data-rich-text-line-break=\"true\" \/><a href=\"https:\/\/www.saborbrasil.it\/cozido-bollito-brasiliano\/\">Cozido (Bollito brasiliano)<\/a><br data-rich-text-line-break=\"true\" \/><a href=\"https:\/\/www.saborbrasil.it\/creme-de-milho-verde-crema-con-mais\/\">Creme de milho verde (Crema con mais)<\/a><br data-rich-text-line-break=\"true\" \/><a href=\"https:\/\/www.saborbrasil.it\/croquetes-de-camarao-crocchette-di-gamberetti\/\">Croquetes de camar\u00e3o (Crocchette di gamberetti)<\/a><br data-rich-text-line-break=\"true\" \/><a href=\"https:\/\/www.saborbrasil.it\/cuscuz-nordestino-couscous-del-nord-est-del-brasile\/\">Cuscuz nordestino (Couscous del nord-est del Brasile)<\/a><br data-rich-text-line-break=\"true\" \/><a href=\"https:\/\/www.saborbrasil.it\/cuscuz-paulista-ou-portugues-couscous-paulista\/\">Cuscuz paulista (Couscous &#8220;paulista&#8221;)<\/a><br data-rich-text-line-break=\"true\" \/><a href=\"https:\/\/www.saborbrasil.it\/empadinha-tartelletta-salata\/\">Empadinha (Tartelletta salata)<\/a><br data-rich-text-line-break=\"true\" \/><a href=\"https:\/\/www.saborbrasil.it\/empadinha-de-queijo-tartelletta-al-formaggio\/\">Empadinha de queijo (Tartelletta al formaggio)<\/a><br data-rich-text-line-break=\"true\" \/><a href=\"https:\/\/www.saborbrasil.it\/esfiha-focaccina-con-carne-o-formaggio\/\">Esfiha (Focaccina con carne o formaggio)<\/a><br data-rich-text-line-break=\"true\" \/><a href=\"https:\/\/www.saborbrasil.it\/esfiha-fechada\/\">Esfiha fechada (Panini ripieni di carne )<\/a><br data-rich-text-line-break=\"true\" \/><a href=\"https:\/\/www.saborbrasil.it\/farofa-contorno-di-farina-di-manioca\/\">Farofa (Contorno di farina di manioca)<\/a><br data-rich-text-line-break=\"true\" \/><a href=\"https:\/\/www.saborbrasil.it\/farofa-de-banana-da-terra-farofa-di-platano\/\">Farofa de banana da terra (&#8220;Farofa&#8221; di platano)<\/a><br data-rich-text-line-break=\"true\" \/><a href=\"https:\/\/www.saborbrasil.it\/farofa-de-ovos-farofa-di-uova\/\">Farofa de ovos (&#8220;Farofa&#8221; di uova)<\/a><br data-rich-text-line-break=\"true\" \/><a href=\"https:\/\/www.saborbrasil.it\/feijao-tropeiro-fagioli-del-mulattiere\/\">Feij\u00e3o-tropeiro (Fagioli del mulattiere )<\/a><br data-rich-text-line-break=\"true\" \/><a href=\"https:\/\/www.saborbrasil.it\/feijoada-fagiolata\/\">Feijoada (Fagiolata)<\/a><br data-rich-text-line-break=\"true\" \/><a href=\"https:\/\/www.saborbrasil.it\/file-de-peixe-com-abacaxi-filetti-di-pesce-con-ananas\/\">Fil\u00e9 de peixe com abacaxi (Filetti di pesce con ananas)<\/a><br data-rich-text-line-break=\"true\" \/><a href=\"https:\/\/www.saborbrasil.it\/frango-a-passarinho-pollo-fritto\/\">Frango a passarinho (Pollo fritto)<\/a><br data-rich-text-line-break=\"true\" \/><a href=\"https:\/\/www.saborbrasil.it\/lombo-com-abacaxi-lonza-arrosto-con-ananas\/\">Lombo com abacaxi (Lonza arrosto con ananas)<\/a><br data-rich-text-line-break=\"true\" \/><a href=\"https:\/\/www.saborbrasil.it\/maionese-come-fare-la-maionese-in-casa\/\">Maionese (Come fare la maionese in casa)<\/a><br data-rich-text-line-break=\"true\" \/><a href=\"https:\/\/www.saborbrasil.it\/maionese-de-batata-insalata-russa\/\">Maionese de batata (Insalata russa)<\/a><br data-rich-text-line-break=\"true\" \/><a href=\"https:\/\/www.saborbrasil.it\/mandioca-frita-manioca-fritta\/\">Mandioca frita (Manioca fritta)<\/a><br data-rich-text-line-break=\"true\" \/><a href=\"https:\/\/www.saborbrasil.it\/molho-vinagrete-salsa-vinaigrette\/\">Molho vinagrete (Salsa vinaigrette)<\/a><br data-rich-text-line-break=\"true\" \/><a href=\"https:\/\/www.saborbrasil.it\/moqueca-de-peixe-baiana-guazzetto-di-pesce-di-bahia\/\">Moqueca de peixe baiana (Guazzetto di pesce di Bahia)<\/a><br data-rich-text-line-break=\"true\" \/><a href=\"https:\/\/www.saborbrasil.it\/pacoca-de-carne-seca-carne-secca-con-farina-di-manioca\/\">Pa\u00e7oca de carne seca (Carne secca con farina di manioca)<\/a><br data-rich-text-line-break=\"true\" \/><a href=\"https:\/\/www.saborbrasil.it\/pao-de-mandioca-pane-di-manioca\/\">P\u00e3o de mandioca (Pane di manioca)<\/a><br data-rich-text-line-break=\"true\" \/><a href=\"https:\/\/www.saborbrasil.it\/pao-de-minuto-pane-veloce\/\">P\u00e3o de minuto (Pane veloce)<\/a><br data-rich-text-line-break=\"true\" \/><a href=\"https:\/\/www.saborbrasil.it\/pao-de-queijo-pane-al-formaggio\/\">P\u00e3o de queijo (Pane al formaggio)<\/a><br data-rich-text-line-break=\"true\" \/><a href=\"https:\/\/www.saborbrasil.it\/pastel-tortelli-fritti\/\">Pastel (Tortelli fritti)<\/a><br data-rich-text-line-break=\"true\" \/><a href=\"https:\/\/www.saborbrasil.it\/pate-de-berinjela\/\">Pat\u00ea de berinjela (Pat\u00e9 di melanzane)<\/a><br data-rich-text-line-break=\"true\" \/><a href=\"https:\/\/www.saborbrasil.it\/pate-de-sopa-de-cebola-pate-veloce-di-cipolle\/\">Pat\u00ea de sopa de cebola (Pat\u00e9 veloce di cipolle)<\/a><br data-rich-text-line-break=\"true\" \/><a href=\"https:\/\/www.saborbrasil.it\/peru-de-natal-tacchino-di-natale\/\">Peru de Natal (Tacchino di Natale)<\/a><br data-rich-text-line-break=\"true\" \/><a href=\"https:\/\/www.saborbrasil.it\/pirao-crema-di-manioca\/\">Pir\u00e3o (Crema di manioca)<\/a><br data-rich-text-line-break=\"true\" \/><a href=\"https:\/\/www.saborbrasil.it\/polenta-frita-polenta-fritta\/\">Polenta frita (Polenta fritta)<\/a><br data-rich-text-line-break=\"true\" \/><a href=\"https:\/\/www.saborbrasil.it\/pure-de-banana-da-terra-pure-di-platano\/\">Pur\u00ea de banana da terra (Pur\u00e8 di platano)<\/a><br data-rich-text-line-break=\"true\" \/><a href=\"https:\/\/www.saborbrasil.it\/quiabo-refogado-okra-gombo-in-umido\/\">Quiabo refogado (Okra\/gombo in umido)<\/a><br data-rich-text-line-break=\"true\" \/><a href=\"https:\/\/www.saborbrasil.it\/quibebe-pure-di-zucca\/\">Quibebe (Pur\u00e8 di zucca)<\/a><br data-rich-text-line-break=\"true\" \/><a href=\"https:\/\/www.saborbrasil.it\/2862\/\">Quibe\/kibe de bandeja (Carne con bulgur)<\/a><br data-rich-text-line-break=\"true\" \/><a href=\"https:\/\/www.saborbrasil.it\/2664\/\">Quibe\/kibe frito (Crocchetta di carne e bulgur)<\/a><br data-rich-text-line-break=\"true\" \/><a href=\"https:\/\/www.saborbrasil.it\/rabada-ao-vinho-tinto-coda-di-bue-in-umido\/\">Rabada ao vinho tinto (Coda di bue in umido)<\/a><br data-rich-text-line-break=\"true\" \/><a href=\"https:\/\/www.saborbrasil.it\/risoto-de-camarao-risotto-di-gamberetti\/\">Risoto de camar\u00e3o (Risotto di gamberetti)<\/a><br data-rich-text-line-break=\"true\" \/><a href=\"https:\/\/www.saborbrasil.it\/rissol-sofficino\/\">Rissol (Sofficino)<\/a><br data-rich-text-line-break=\"true\" \/><a href=\"https:\/\/www.saborbrasil.it\/rocambole-de-camarao-rotolo-di-gamberetti\/\">Rocambole de camar\u00e3o (Rotolo di gamberetti)<\/a><br data-rich-text-line-break=\"true\" \/><a href=\"https:\/\/www.saborbrasil.it\/rosbife-de-picanha-roast-beef-di-picanha\/\">Rosbife de picanha (Roast beef di &#8220;picanha&#8221;)<\/a><br data-rich-text-line-break=\"true\" \/><a href=\"https:\/\/www.saborbrasil.it\/salada-de-chuchu-insalata-di-chayote\/\">Salada de chuchu (Insalata di chayote )<\/a><br data-rich-text-line-break=\"true\" \/><a href=\"https:\/\/www.saborbrasil.it\/salpicao-insalata-di-pollo\/\">Salpic\u00e3o (Insalata di pollo)<\/a><br data-rich-text-line-break=\"true\" \/><a href=\"https:\/\/www.saborbrasil.it\/saltenha-tortelloni-di-pollo\/\">Saltenha (Tortelloni di pollo)<\/a><br data-rich-text-line-break=\"true\" \/><a href=\"https:\/\/www.saborbrasil.it\/sanduiche-de-carne-louca-panino-di-carne-bizzarra\/\">Sandu\u00edche de carne louca (Panino di carne &#8220;bizzarra&#8221;)<\/a><br data-rich-text-line-break=\"true\" \/><a href=\"https:\/\/www.saborbrasil.it\/sopa-de-feijao-minestra-di-fagioli\/\">Sopa de feij\u00e3o (Minestra di fagioli)<\/a><br data-rich-text-line-break=\"true\" \/><a href=\"https:\/\/www.saborbrasil.it\/sopa-de-grao-de-bico-com-macarraozinho-zuppa-di-ceci-con-ditalini\/\">Sopa de gr\u00e3o-de-bico com macarr\u00e3ozinho (Zuppa di ceci con ditalini)<\/a><br data-rich-text-line-break=\"true\" \/><a href=\"https:\/\/www.saborbrasil.it\/sopa-de-mandioquinha-vellutata-di-arracacha\/\">Sopa de mandioquinha (Vellutata di arracacha )<\/a><br data-rich-text-line-break=\"true\" \/><a href=\"https:\/\/www.saborbrasil.it\/strogonoff-spezzatino-di-manzo-con-panna\/\">Strogonoff (Spezzatino di manzo con panna)\u00a0<\/a><br data-rich-text-line-break=\"true\" \/><a href=\"https:\/\/www.saborbrasil.it\/sufle-de-chuchu-souffle-di-chayote\/\">Sufl\u00ea de chuchu (Souffl\u00e9 di chayote)<\/a><br data-rich-text-line-break=\"true\" \/><a href=\"https:\/\/www.saborbrasil.it\/tabule-tabule\/\">Tabule (Tabul\u00e9)<\/a><br data-rich-text-line-break=\"true\" \/><a href=\"https:\/\/www.saborbrasil.it\/tender-prosciutto-glassato\/\">Tender (Prosciutto glassato)<\/a><br data-rich-text-line-break=\"true\" \/><a href=\"https:\/\/www.saborbrasil.it\/torta-de-frango-torta-di-pollo\/\">Torta de frango (Torta di pollo)<\/a><br data-rich-text-line-break=\"true\" \/><a href=\"https:\/\/www.saborbrasil.it\/torta-de-liquidificador-torta-frullata\/\">Torta de liquidificador (Torta frullata)<\/a><br data-rich-text-line-break=\"true\" \/><a href=\"https:\/\/www.saborbrasil.it\/tutu-de-feijao-crema-di-fagioli\/\">Tutu de feij\u00e3o (Crema di fagioli)<\/a><br data-rich-text-line-break=\"true\" \/><a href=\"https:\/\/www.saborbrasil.it\/vaca-atolada-biancostato-con-manioca\/\">Vaca atolada (Biancostato con manioca)<\/a><br data-rich-text-line-break=\"true\" \/><a href=\"https:\/\/www.saborbrasil.it\/vatapa-crema-di-gamberetti\/\">Vatap\u00e1 (Crema di gamberetti)<\/a><br data-rich-text-line-break=\"true\" \/><a href=\"https:\/\/www.saborbrasil.it\/virado-a-paulista-crema-di-fagioli-con-maiale\/\">Virado \u00e0 paulista (Crema di fagioli con maiale)<\/a><\/p>\n<div class=\"block-list-appender wp-block\" tabindex=\"-1\"><\/div>\n<\/div>\n<\/div>\n<div tabindex=\"0\"><\/div>\n<\/div>\n<\/div>\n<div class=\"edit-post-layout__metaboxes\">\n<div class=\"edit-post-meta-boxes-area is-normal\">\n<div class=\"edit-post-meta-boxes-area__container\">\n<form class=\"metabox-location-normal\">\n<div id=\"poststuff\" class=\"sidebar-open\">\n<div id=\"postbox-container-2\" class=\"postbox-container\">\n<div id=\"normal-sortables\" class=\"meta-box-sortables ui-sortable\">\n<div id=\"icl_div_config\" class=\"postbox\">\n<div class=\"postbox-header\">\n<h2 class=\"hndle ui-sortable-handle\">Impostazioni contenuto multilingua<\/h2>\n<div class=\"handle-actions hide-if-no-js\"><button class=\"handlediv\" type=\"button\" aria-expanded=\"true\"><span class=\"screen-reader-text\">Attiva\/disattiva il pannello: Impostazioni contenuto multilingua<\/span><\/button><\/div>\n<\/div>\n<div class=\"inside\">\n<ul>\n<li><label><input id=\"icl_make_translatablepage,0\" name=\"icl_make_translatable\" type=\"radio\" value=\"page,0\" \/>\u00a0Non rendere &#8216;Pagine&#8217; traducibile<\/label><\/li>\n<li><label><input id=\"icl_make_translatablepage,1\" checked=\"checked\" name=\"icl_make_translatable\" type=\"radio\" value=\"page,1\" \/>\u00a0Rendi &#8216;Pagine&#8217; traducibile<\/label><\/li>\n<li><label><input id=\"icl_make_translatablepage,2\" name=\"icl_make_translatable\" type=\"radio\" value=\"page,2\" \/>\u00a0Fai apparire &#8216;Pagine&#8217; come tradottto<\/label><\/li>\n<\/ul>\n<p>&nbsp;<\/p>\n<table class=\"widefat\">\n<thead>\n<tr>\n<th colspan=\"2\">Tassonomie personalizzate<\/th>\n<\/tr>\n<\/thead>\n<tbody>\n<tr>\n<td>Translation Priorities<\/td>\n<td align=\"right\"><label><input class=\"icl_mcs_custom_taxs\" checked=\"checked\" disabled=\"disabled\" name=\"icl_mcs_custom_taxs_translation_priority\" type=\"radio\" value=\"translation_priority\" \/>\u00a0Traduci<\/label>\u00a0<label><input disabled=\"disabled\" name=\"icl_mcs_custom_taxs_translation_priority\" type=\"radio\" value=\"0\" \/>\u00a0Nessuna azione<\/label><\/td>\n<\/tr>\n<\/tbody>\n<\/table>\n<\/div>\n<\/div>\n<\/div>\n<\/div>\n<\/div>\n<\/form>\n<\/div>\n<\/div>\n<\/div>\n","protected":false},"excerpt":{"rendered":"<p>Aca\u00e7\u00e1 (Crema di riso)Ameixa com bacon e Pur\u00ea de ma\u00e7\u00e3 (Prugna con pancetta e Pur\u00e8 di mela)Arroz \u00e0 grega (Riso alla greca)Arroz branco (Riso bianco)Arroz de carreteiro (Riso del mulattiere)Arroz de festa (Riso di festa)Arroz de forno (Riso al forno)Bacalhoada da Vov\u00f3 (Baccal\u00e0 della Nonna)Bai\u00e3o&hellip;<\/p>\n","protected":false},"author":2,"featured_media":0,"parent":0,"menu_order":0,"comment_status":"closed","ping_status":"closed","template":"","meta":{"footnotes":""},"class_list":["post-291","page","type-page","status-publish","hentry"],"_links":{"self":[{"href":"https:\/\/www.saborbrasil.it\/index.php?rest_route=\/wp\/v2\/pages\/291","targetHints":{"allow":["GET"]}}],"collection":[{"href":"https:\/\/www.saborbrasil.it\/index.php?rest_route=\/wp\/v2\/pages"}],"about":[{"href":"https:\/\/www.saborbrasil.it\/index.php?rest_route=\/wp\/v2\/types\/page"}],"author":[{"embeddable":true,"href":"https:\/\/www.saborbrasil.it\/index.php?rest_route=\/wp\/v2\/users\/2"}],"replies":[{"embeddable":true,"href":"https:\/\/www.saborbrasil.it\/index.php?rest_route=%2Fwp%2Fv2%2Fcomments&post=291"}],"version-history":[{"count":3,"href":"https:\/\/www.saborbrasil.it\/index.php?rest_route=\/wp\/v2\/pages\/291\/revisions"}],"predecessor-version":[{"id":5286,"href":"https:\/\/www.saborbrasil.it\/index.php?rest_route=\/wp\/v2\/pages\/291\/revisions\/5286"}],"wp:attachment":[{"href":"https:\/\/www.saborbrasil.it\/index.php?rest_route=%2Fwp%2Fv2%2Fmedia&parent=291"}],"curies":[{"name":"wp","href":"https:\/\/api.w.org\/{rel}","templated":true}]}}